 the ten thousands digit of z?
1
Let y be (-16)/6*12/(-8). Suppose -5*o + 1545 = 4*p - 0*p, 1262 = y*o - 2*p. What is the hundreds digit of o?
3
Let g be (1418/(-6))/((-9)/(-27)). Let s = -519 - g. What is the tens digit of s?
9
Suppose 4 = 4*m, 50 = -2*b + 5*m - 1. What is the hundreds digit of (b - -49)*30/4?
1
Suppose 15*w - 8*w = -1526. Let b = 475 - w. What is the hundreds digit of b?
6
What is the tens digit of 3264/476*(-42798)/(-9)?
0
Let a = -29 + 31. Suppose 3*k - 7 - 8 = -3*q, -2*k = 4*q - 10. Suppose q = 2*h, 3*g - 2*h = -a*g + 35. What is the units digit of g?
7
Let o(s) = s**3 + 13*s**2 + 13*s - 4. Let u be o(-6). What is the tens digit of 136/u*(-3290)/(-4)?
5
Let f be (670 - -1) + (0 - 2). Suppose -n = 76 - f. What is the tens digit of n?
9
Let r(i) = i**3 + 7*i**2 - 19*i - 83. Let c be r(-8). What is the hundreds digit of (c/20)/(4*4/44864)?
7
Suppose 21*f - 176279 - 176986 = 17973. What is the hundreds digit of f?
6
Let d = -18068 - -18544. What is the tens digit of d?
7
Let o(z) be the third derivative of z**6/60 + 9*z**5/20 + z**4/2 + 2*z**2 + 32. What is the units digit of o(-13)?
3
Let a = 6109 - 4319. What is the tens digit of a?
9
Let y be -9*(3 - (-22)/(-6)). Suppose y*t - 2*t = -196. Let b = 6 - t. What is the tens digit of b?
5
Suppose 157 - 10 = -7*f. What is the tens digit of 37560/70 + 12/f?
3
Suppose -3*m + 5*n = 2*m - 315, n = -4*m + 242. Suppose -5*v - 11 = -m. Suppose v*s - 8*s - 290 = 0. What is the tens digit of s?
4
Let j(r) = -2*r + 2. Let n be j(-3). Let x be 66/(-78) - -1 - 1/((-26)/126). Suppose n = 4*q, 5*b - 2*q + x*q - 591 = 0. What is the units digit of b?
7
Let y be ((-2)/3)/((-186)/(-90) + -2). Let o be 15/(-6)*(y + -2) - 2. Suppose -o = 36*f - 40*f. What is the units digit of f?
7
Suppose 225*h - 996569 = 3261106. What is the units digit of h?
3
Suppose 2*g - 10 = 0, -2*a + 3934 + 5935 = -g. What is the units digit of a?
7
Let x be ((0 - 3) + -1)/(20/(-330)). Suppose 22*z - 19*z = x. What is the units digit of z?
2
Suppose 187489 = 6*g - 73934 - 158499. What is the tens digit of g?
8
Let k(x) = -13*x**3 - 7*x + 4*x**3 + 19 + 12*x**3 - 3*x - 12*x**2. What is the units digit of k(7)?
0
Suppose 3*a = -b - 4, 4*b + 2*a = -3*a - 16. Let x be 99/(2/(16/12)). Let k = b + x. What is the tens digit of k?
6
Suppose -u = 4*a + 3 + 1, -a = u - 2. Suppose 4*k = -o - 2, 3*o = o + 3*k + 40. Suppose -10*x - u = -o*x. What is the units digit of x?
1
Let l be 0 + 72/(-8) + 11. Suppose -426 = -8*c + l*c. What is the units digit of c?
1
Let r(g) be the third derivative of 0*g + 5/8*g**4 + 0 + 7/2*g**3 + 3/20*g**5 - 1/120*g**6 - 6*g**2. What is the tens digit of r(9)?
5
Let k be 2 - -1 - (0 - -6). What is the tens digit of 4 - (-42)/(10 + k)?
1
Suppose -4*k + 9*k = 0. Suppose 5*i + 40 = -2*p + 5*p, 0 = -3*p - 3*i. Suppose -2*a - 2*t + 226 = 0, p*t + k*t = a - 89. What is the tens digit of a?
0
Suppose -4*g + 29 = 5*w + 72, 3*w + 39 = 2*g. Let x(l) = l**3 + 12*l**2 + 9*l - 22. Let a be x(w). Let s(p) = -p**2 + 128. What is the hundreds digit of s(a)?
1
What is the units digit of (-144)/504 - (-22)/(-21) - (-4742)/6?
9
Suppose 27 + 1 = 4*p. Suppose -p*h = -7 + 21. What is the units digit of (32/12 + -2)/(h/(-141))?
7
What is the ten thousands digit of ((-9)/10)/(1863/(-414)) - (-144569)/5?
2
Let f(p) = -585*p + 18. Let h be f(-6). Suppose -139*w + h = -133*w. What is the units digit of w?
8
Let z = -48 - -56. Suppose -4*g - z = 0, g - 9 = -5*d + 3*g. What is the units digit of (1134/(-70))/(d/(-5))?
1
Let f(w) = 15*w**2 - 19*w - 12. Let u be f(4). Suppose -4*a - 668 = -4*j, 0*j + u = j + 4*a. What is the hundreds digit of j?
1
Let v be 22/(-12) + 2*2/(-24). Let j be 10/(-1 + 1 + (-2)/11). What is the units digit of (-3 - j/v)/((-1)/2)?
1
Suppose -h + 8*c + 9636 = 4*c, 4*c = -4*h + 38584. What is the tens digit of h?
4
What is the units digit of ((24/(-42))/(130/91))/(4/(-447200))?
0
Let y = -22 - -25. Let i be -4 - (-1836)/(-16) - y/12. Let a = 182 + i. What is the tens digit of a?
6
Suppose 2*z + 1283*w - 94792 = 1279*w, 0 = 2*z - w - 94757. What is the ten thousands digit of z?
4
Suppose 2*g - 10 = 3*w, -3*g + 2 = 2*w - 0. Suppose g*x + 1344 = -6*x. Let j = -128 - x. What is the units digit of j?
0
Suppose 2*l + 3*q = 6848, l + 744*q = 748*q + 3413. What is the tens digit of l?
2
Suppose -64*y + 8929 = -71903. What is the thousands digit of y?
1
Let t(o) = 8*o - 56. Let h be t(11). Suppose 0 = -c - 3*d + h + 104, -160 = -c + 5*d. What is the hundreds digit of c?
1
Let l be (2 - -2) + -1 + 1. Let k = l - 1. Suppose k = -u + 77. What is the tens digit of u?
7
Let q = -7420 - -17304. What is the thousands digit of q?
9
Suppose -b = -62 - 56. Suppose 104 = 4*c + 5*u - u, 0 = 5*c - u - b. Suppose 3*x - 6*x = -c. What is the units digit of x?
8
Let x = 138 - -2614. What is the tens digit of x?
5
Suppose 0 = 4*r + 34 - 54. Suppose -19*d = -r*d - 154. Suppose 1299 = d*t + 67. What is the hundreds digit of t?
1
Let y(i) = 295*i - 1457. What is the units digit of y(38)?
3
Suppose 3*d - 3*z = 258, 3*d = -0*d - 2*z + 268. Let g = 89 - d. What is the tens digit of -10*(g - ((-116)/(-8) + -3))?
0
Let x = -50 + 53. Suppose -7 = 3*l + 5, 0 = -x*c - l + 266. Let q = c - 23. What is the tens digit of q?
6
Let v be 2/((-15)/12 + (-4)/(-16)). Let d be (5/(5/v))/((-26)/39). Suppose d*m = -3*m + 702. What is the hundreds digit of m?
1
Let l(y) = -y**2 - 45*y - 18. What is the tens digit of l(-40)?
8
Suppose k + 2*v = 5, -4*k - 5*v = -0*v - 26. What is the thousands digit of (-18)/k + 3 + 1337?
1
Let n(r) = 188*r + 179. Let u be n(9). Let g = u - 418. What is the thousands digit of g?
1
Let i = -4018 + 5734. Suppose -21*u - i = -32*u. What is the tens digit of u?
5
Let u = 423 + -418. Suppose 2*z - 478 = -2*f, -511 = -u*z + 4*f + 693. What is the hundreds digit of z?
2
Suppose 0 = 3*i + 4 - 22. Let q(l) = 25*l - 17. Let k(s) = -12*s + 8. Let m(n) = -5*k(n) - 2*q(n). What is the units digit of m(i)?
4
Let i = 163 + -69. Suppose -90*t - 812 = -i*t. What is the tens digit of t?
0
Suppose -40*q + 42*q = -2*g + 3198, 5*q + 2*g - 7998 = 0. What is the hundreds digit of q?
6
Let s be (-126)/28*(-2 - (-2 + 4)). Suppose 0 = -s*j + 11395 - 3475. What is the hundreds digit of j?
4
Suppose -4*m + 179 = -257. Let j = 1253 + -1317. Let d = j + m. What is the tens digit of d?
4
Let d(g) = 3*g - 102. Let j be d(16). Let p(y) = y**2 + 54*y + 177. What is the units digit of p(j)?
7
Let l = -119 + 112. Let a(o) = -2*o**3 - 8*o**2 + 16*o + 15. What is the units digit of a(l)?
7
Let b(v) = 122*v**2 - 94*v - 233. What is the units digit of b(-6)?
3
What is the tens digit of 72/(-21)*(7 + -630)?
3
Let l(c) = -7*c**2 - 18*c - 25. Let r be l(-13). Let t = r - -1372. What is the hundreds digit of t?
3
Suppose 4*f - 3*c = -28115, -4*f - 14051 = -2*f + 5*c. What is the units digit of f/(-7 + 3) + -4?
3
Let d(n) = -n + 1. Suppose b - 1 = -2. Let c be d(b). Let x(h) = 7*h**3 - 4*h**2 + 3*h - 1. What is the units digit of x(c)?
5
Let v = -790 - -5450. What is the thousands digit of v?
4
Suppose -13*w + 16130 + 2369 = 0. Let n = w - -82. What is the units digit of n?
5
Let v = 17604 - 8093. What is the tens digit of v?
1
Suppose 0 = 4*h - y - 249, 5*h = -5*y + 19 + 311. Suppose 2*f = 4*p + h + 1, 4*p + 92 = -5*f. What is the units digit of (p/8)/((-6)/24)?
9
Suppose 0 = 21*a - 24*a. Let r(b) = b**3 + b - 61. Let g be r(a). Let n = 53 - g. What is the hundreds digit of n?
1
Let q(t) = t**2 - 20*t - 14. Let a be q(21). What is the hundreds digit of (a/28)/((-1)/(-2))*342?
1
Let w(p) = -8*p**3 - 5*p**2 - 13*p - 50. What is the units digit of w(-8)?
0
Suppose -16*n = -13*n - 2*j - 193326, 3*n + 3*j = 193296. What is the tens digit of n?
3
Suppose 2*c - 4*g + 40 = 0, -7*c - g = -4*c + 39. Let m be 42/(-4)*16/(-6). What is the tens digit of ((-652)/c)/(m/98)?
6
Let k be (0 + 11*1)/((-72)/5112). Let t = -463 - k. What is the units digit of t?
8
Suppose -1 = -3*i + 2*i. Let h be ((-676)/3)/((-26)/3 + 8). What is the units digit of h/117 - i/(-9)?
3
What is the tens digit of 897/598*22820/6?
0
Let a = -26351 + 76100. What is the tens digit of a?
4
Let a be 14/(-8) + (-11)/44. What is the tens digit of (-4)/(-28)*a + (-4762)/(-7)?
8
Suppose -5*z - 6*y = -3*y - 25, 3*z - 2*y -